6
Let t(r) = 11*r. Let o be t(-5). Let n = o - -147. Suppose v = 5*v - n. What is the tens digit of v?
2
Let c = 357 - 209. Let h = 211 - c. What is the tens digit of h?
6
Let b(h) = 4*h**2 + 2*h + 7. Suppose -4*o = 5*u - u, 2*o - 28 = 5*u. Suppose -7 - 5 = -o*c. What is the units digit of b(c)?
9
Suppose 39*q - 437 = 38*q. What is the hundreds digit of q?
4
Let a(w) = w**2 - 6*w + 10. Let r be (0 + -1)/(11/154). Let f = 21 + r. What is the units digit of a(f)?
7
Suppose 473 = 3*m - 4*d, 4*m + 5*d - 1 = 640. What is the tens digit of m/12 - 3/12?
1
Suppose 4*r = -3*p + 3162, 2*r - 5*p = -2*r + 3178. What is the hundreds digit of r?
7
Suppose -s = 6 + 4. Let b be (-24)/10 - s/25. Let x = 13 + b. What is the tens digit of x?
1
Let g = 112 - 215. Let p = 1375 - 1199. Let q = g + p. What is the tens digit of q?
7
Suppose 5*w = -2*w - 14. Let n(u) = -6*u + 9. Let i(r) = 11*r - 17. Let c(q) = -3*i(q) - 5*n(q). What is the units digit of c(w)?
2
Let d(f) = f**2 - 2*f + 2. Let t be d(0). What is the hundreds digit of ((-745)/5)/(2/(-4)*t)?
1
Let c = 6735 - 2175. What is the units digit of c?
0
Let h(x) = -296*x - 7. What is the hundreds digit of h(-1)?
2
Suppose -6*j = a - 2*j - 24, 11 = -a + 3*j. Suppose 4*o - 304 = -64. Suppose a*f = -o + 160. What is the tens digit of f?
2
Suppose g - 2*g - 2 = 2*z, 0 = -4*g - 2*z + 22. Let q = -10 + g. Let n(w) = -4*w**3 + 3*w**2 + 3*w. What is the tens digit of n(q)?
3
Let b = 731 + -119. What is the hundreds digit of b?
6
Suppose -1633 = -2*r - 5*o, 33*o + 4057 = 5*r + 37*o. What is the units digit of r?
9
Let q(i) = 4*i**2 + 4*i + 12. Let c be q(-4). Suppose -5*d = 2*a + 25, 3*a + 2*a - c = 5*d. Let f = 54 + d. What is the tens digit of f?
4
Suppose 4*w - 456 = 4*b, 3*b - 6*b - 3*w = 354. Let d = 218 + b. What is the units digit of d?
2
Suppose -5*a + b + 1030 = 0, 4*b - 185 = -a - 0*a. What is the units digit of a?
5
Suppose 0 = j - 4 + 5, 4*m - 2*j = 242. Suppose 2*p = -4*p + m. What is the tens digit of p?
1
Suppose -4*i + 20 = 0, -d = 2*i + 2*i - 33. Let t(p) = p**3 - 15*p**2 + 29*p - 25. Let y be t(13). Let v = y - d. What is the units digit of v?
1
Suppose 0 = 5*g + 3*d - 3, 2*g - 19 = g + 4*d. Suppose g = 4*p - 401. What is the tens digit of p?
0
Let j be (1 - -2)/(6/8). Suppose 8 = 8*x - j*x. Suppose 3*d - x*d = 28. What is the tens digit of d?
2
Let i be (9 - 8) + 2/2*-3. What is the units digit of 564/24 + i/4?
3
Let i = -80 - -39. Let q = -106 + 173. Let c = i + q. What is the units digit of c?
6
Let h be 80/6 + (-8)/6. Let b = h + -1. What is the tens digit of b?
1
Let t(k) = k**3 + 5*k**2 + 2*k + 6. Let d = -4 - 0. What is the units digit of t(d)?
4
Suppose -f - 13 = -4*f + 2*i, -5*f + 3*i = -22. Suppose 0 = -f*x + 86 - 6. Suppose -49 = -d - x. What is the tens digit of d?
3
Let i(d) = -4*d + 22. Let m be i(-9). Let h = m - 54. What is the units digit of h?
4
Let s(c) = -17*c - 5. Let z be s(-6). Let u = 150 - z. What is the tens digit of u?
5
Let f be (-3468)/(-30) + 2/5. Let n = 169 - f. What is the tens digit of n?
5
Suppose -25*u = -u - 35016. What is the thousands digit of u?
1
Let r = 19 + -16. Suppose r - 117 = 3*z. Let y = -9 - z. What is the units digit of y?
9
Suppose 2*w = 2*u - 10, 4*u + 2*w - 2 = -0*w. Suppose -q + u*q = 57. Suppose -r - 2*r = -q. What is the tens digit of r?
1
Let h = 7 - 5. Suppose -9 = h*y + y. What is the units digit of (27/(0 + y))/(-1)?
9
Suppose -19*w + 21*w = 4, -4*n = w - 682. What is the hundreds digit of n?
1
Let w = -3 + 15. Suppose 0 = -9*g + w*g - 15. Let x(t) = 16*t - 6. What is the units digit of x(g)?
4
What is the units digit of -1478*((10/(-2))/(-10) - 2)?
7
What is the hundreds digit of (-6)/4 + 12204/72?
1
Let u be 0/(-1 + -1 - (-1 - 3)). Suppose k = 6*k - 20. Suppose -3*c + u*h = h - 44, -k*c - 3*h = -67. What is the units digit of c?
3
Let y(o) = -o**2 - 12*o - 18. Let s be y(-12). Let i = -212 - -406. What is the tens digit of (-4)/(-18) - i/s?
1
Let x(h) = -h - 8. Let b be x(-12). Suppose -b*r + 5*r = -8. Let o(t) = -2*t + 10. What is the tens digit of o(r)?
2
Let i = -26 + 30. Suppose d = -i*d. Suppose -132 = -3*f - o, 4*f - 176 = -d*f + o. What is the tens digit of f?
4
Let a be 10/15 - (-49)/3. Let i(t) = -t**2 - 7*t + 7. Let k be i(-7). Let o = a + k. What is the tens digit of o?
2
Suppose 0 = -7*g + 9*g - 4. Suppose 10 = -4*n + g. What is the units digit of (1 - n)*102/18?
7
Suppose 5*t = 2 + 8. Suppose t*k = -k + 27. Let s(j) = -j**3 + 8*j**2 + 10*j + 6. What is the units digit of s(k)?
5
Let u = 249 - -94. What is the tens digit of u?
4
Let y = -40 + -30. What is the units digit of (-1217)/(-7) - 10/y?
4
Let t = 3 - 2. What is the hundreds digit of (-122)/(-3)*3/t?
1
Let y(z) = -20*z - 23. Suppose 10*r + 10 = -70. What is the units digit of y(r)?
7
Suppose 5*u = 2*u - 426. Let m = u + 253. Suppose 5 = 4*h - m. What is the units digit of h?
9
Let o(k) = 256*k**2 + 10*k + 12. What is the units digit of o(-2)?
6
Suppose -4*n + 11608 = -4*q + 4732, 3*n - q = 5159. What is the hundreds digit of n?
7
Let t(i) = -3*i**2 + 5*i - 3. Let j(l) = -2*l**2 + l + 1. Let h(b) = j(b) - t(b). Suppose g - 3*d + 7 = 0, 4*g + d = -d + 28. What is the units digit of h(g)?
9
Let s = 338 - -40. What is the units digit of s?
8
Suppose -12 - 63 = -5*w. Suppose 0 = -3*p - 2*p + w. Suppose p*d + 2*n - 171 = 0, 3*d + n - 233 = -d. What is the tens digit of d?
5
Suppose 5*v - 1395 = 2*m, m + 1116 = 4*v + 6*m. What is the units digit of v?
9
Suppose -45*y + 1774 = -2996. What is the hundreds digit of y?
1
Let z(k) = 58*k + 23. What is the tens digit of z(6)?
7
Let p = -5 + 10. Let a(b) = -p*b + 10*b + 18 - 3*b. What is the units digit of a(13)?
4
Let k(x) = -5*x + 22. Let u be k(3). Suppose 4*j - 1133 = -u*j. What is the tens digit of j?
0
Let n(z) = -z**2 + 4*z + 8. Let b = 15 - 12. Let s be 12 - 4/1 - b. What is the units digit of n(s)?
3
Suppose -12*i + 2*m = -16*i + 2418, 5*m = 5*i - 3030. What is the tens digit of i?
0
Let z(o) = 6*o**3 - 42*o**2 - 14*o - 16. What is the hundreds digit of z(11)?
7
Let f(x) = x**2 + x. Let i be f(1). Let d be (-25)/(-5) + -1 + 1 + -2. Suppose -d*q = -i*q - 16. What is the tens digit of q?
1
Suppose 0 = -321*s + 337*s - 30080. What is the thousands digit of s?
1
Suppose h - 24 = -2*u - 3*u, 3*u = 15. Let z(w) be the second derivative of -11*w**5/10 + w**4/12 + w**3/6 + w**2/2 + 9*w. What is the units digit of z(h)?
3
Suppose 0*g + 2*h = -2*g + 64, -140 = -4*g - h. Let j = 60 + g. What is the tens digit of j?
9
Let a be ((-10)/(-15))/(4/(-18)). What is the units digit of (-4)/a*(-51)/(-2)?
4
Suppose 4*y - 1135 = -5*s + 972, -4*s + 1684 = 4*y. What is the units digit of s?
3
Let k = 50 - 11. Suppose -2*f + 5 = 33. Let n = f + k. What is the units digit of n?
5
Suppose 2*w - 363 = -3. What is the tens digit of w?
8
Let z = 21 + 0. Let v = z + -16. Suppose -v*f - 25 = -6*f. What is the units digit of f?
5
Let g(x) = x**2 - 5*x - 5. Let q(a) = -4*a**2 + 21*a + 20. Let m(b) = 9*g(b) + 2*q(b). What is the units digit of m(-7)?
5
Let k = 9157 - 6147. What is the hundreds digit of k?
0
Let u be (-411)/6*8/(-4). Let o = u - 94. What is the units digit of o?
3
Suppose 2*d + 614 = 3*g - 477, 3*d + 1818 = 5*g. What is the tens digit of g?
6
Suppose 12*g + 6*g - 41166 = 0. What is the thousands digit of g?
2
Suppose 4*l = -l - 5*f + 25, 0 = -l + f + 1. Suppose -17 - l = -2*n. Suppose -n = -s - 1. What is the units digit of s?
9
Suppose 0 = 5*f - 0*f + 20. Let o = f + 120. What is the units digit of o?
6
Let y(j) = j**3 + 3*j**2 + 2*j + 1. Let t be y(-2). Let z be 310/(-186) + (-4)/(-6). What is the tens digit of z*t*(-15 - 53)?
6
Suppose -2*b + 3*b + 3*n - 244 = 0, -b + 3*n + 268 = 0. What is the hundreds digit of b?
2
Let h(m) = m**3 - 8*m**2 - 3*m**3 - m - 1 + 0*m**2 + 7*m**2. What is the units digit of h(-2)?
3
Let p(h) = -h**3 + 6*h**2 + 6. Let k be p(5). Suppose 5*a - 239 = k. What is the tens digit of a?
5
Suppose -2*n - 2*n = -8, -c + 5*n = 44. Let r = c - -50. What is the tens digit of r?
1
Let d = -25 + 30. Suppose 5*r = 5, -3*r + 73 = 3*k - d*r. What is the units digit of k?
5
Suppose -5*o = -6*o + 2. Suppose 5*c + 127 = 2*z, o*z - c - 107 = -0*c. What is the tens digit of z?
5
Suppose 3*b = -2*t + 3349, b - 4*b = -4*t - 3319. Wha